{"id":11377,"date":"2020-09-17T16:42:30","date_gmt":"2020-09-17T15:42:30","guid":{"rendered":"https:\/\/www.tewhoola.com\/accueil\/?page_id=11377"},"modified":"2021-06-25T09:15:49","modified_gmt":"2021-06-25T08:15:49","slug":"arcoiris-parade-multicolore","status":"publish","type":"page","link":"https:\/\/www.tewhoola.com\/accueil\/parades\/arcoiris-parade-multicolore\/","title":{"rendered":"Arco Iris, parade multicolore"},"content":{"rendered":"\n<div style=\"height:56px\" aria-hidden=\"true\" class=\"wp-block-spacer\"><\/div>\n\n\n\n<h2 class=\"wp-block-heading\"><span style=\"color:#01090d\" class=\"has-inline-color\">Cr\u00e9ation septembre 2020, un <\/span><span style=\"color:#010a0d\" class=\"has-inline-color\">spectacle en d\u00e9ambulation joyeux, festif et multicolore<\/span><\/h2>\n\n\n\n<div class=\"wp-block-group is-layout-flow wp-block-group-is-layout-flow\"><div class=\"wp-block-group__inner-container\"><\/div><\/div>\n\n\n\n<figure class=\"wp-block-gallery aligncenter columns-1 wp-block-gallery-1 is-layout-flex wp-block-gallery-is-layout-flex\"><ul class=\"blocks-gallery-grid\"><li class=\"blocks-gallery-item\"><figure><img loading=\"lazy\" decoding=\"async\" width=\"1019\" height=\"553\" src=\"https:\/\/www.tewhoola.com\/wp-content\/uploads\/2020\/09\/DSC04243-1.jpg\" alt=\"\" data-id=\"11386\" data-full-url=\"https:\/\/www.tewhoola.com\/wp-content\/uploads\/2020\/09\/DSC04243-1.jpg\" data-link=\"https:\/\/www.tewhoola.com\/accueil\/parades\/arcoiris-parade-multicolore\/dsc04243-1\/\" class=\"wp-image-11386\" srcset=\"https:\/\/www.tewhoola.com\/wp-content\/uploads\/2020\/09\/DSC04243-1.jpg 1019w, https:\/\/www.tewhoola.com\/wp-content\/uploads\/2020\/09\/DSC04243-1-300x163.jpg 300w\" sizes=\"(max-width: 1019px) 100vw, 1019px\" \/><\/figure><\/li><li class=\"blocks-gallery-item\"><figure><img loading=\"lazy\" decoding=\"async\" width=\"452\" height=\"553\" src=\"https:\/\/www.tewhoola.com\/wp-content\/uploads\/2020\/09\/IMG-20200912-WA0006.jpg\" alt=\"\" data-id=\"11387\" data-full-url=\"https:\/\/www.tewhoola.com\/wp-content\/uploads\/2020\/09\/IMG-20200912-WA0006.jpg\" data-link=\"https:\/\/www.tewhoola.com\/accueil\/parades\/arcoiris-parade-multicolore\/img-20200912-wa0006\/\" class=\"wp-image-11387\" srcset=\"https:\/\/www.tewhoola.com\/wp-content\/uploads\/2020\/09\/IMG-20200912-WA0006.jpg 452w, https:\/\/www.tewhoola.com\/wp-content\/uploads\/2020\/09\/IMG-20200912-WA0006-245x300.jpg 245w\" sizes=\"(max-width: 452px) 100vw, 452px\" \/><\/figure><\/li><li class=\"blocks-gallery-item\"><figure><img loading=\"lazy\" decoding=\"async\" width=\"756\" height=\"553\" src=\"https:\/\/www.tewhoola.com\/wp-content\/uploads\/2020\/09\/arciiris-1-1.jpg\" alt=\"d\u00e9ambulation color\u00e9e \u00e9chasses musique live\" data-id=\"11385\" data-full-url=\"https:\/\/www.tewhoola.com\/wp-content\/uploads\/2020\/09\/arciiris-1-1.jpg\" data-link=\"https:\/\/www.tewhoola.com\/accueil\/parades\/arcoiris-parade-multicolore\/arciiris-1-1\/\" class=\"wp-image-11385\" srcset=\"https:\/\/www.tewhoola.com\/wp-content\/uploads\/2020\/09\/arciiris-1-1.jpg 756w, https:\/\/www.tewhoola.com\/wp-content\/uploads\/2020\/09\/arciiris-1-1-300x219.jpg 300w\" sizes=\"(max-width: 756px) 100vw, 756px\" \/><\/figure><\/li><\/ul><\/figure>\n\n\n\n<div style=\"height:52px\" aria-hidden=\"true\" class=\"wp-block-spacer\"><\/div>\n\n\n\n<figure class=\"wp-block-embed-youtube wp-block-embed is-type-video is-provider-youtube wp-embed-aspect-16-9 wp-has-aspect-ratio\"><div class=\"wp-block-embed__wrapper\">\n<iframe loading=\"lazy\" title=\"ARCOIRIS\" width=\"500\" height=\"281\" src=\"https:\/\/www.youtube.com\/embed\/324qBdZZw0o?feature=oembed\" frameborder=\"0\" allow=\"accelerometer; autoplay; clipboard-write; encrypted-media; gyroscope; picture-in-picture; web-share\" referrerpolicy=\"strict-origin-when-cross-origin\" allowfullscreen><\/iframe>\n<\/div><\/figure>\n\n\n\n<div style=\"height:70px\" aria-hidden=\"true\" class=\"wp-block-spacer\"><\/div>\n\n\n\n<figure class=\"wp-block-video\"><video autoplay src=\"https:\/\/www.tewhoola.com\/wp-content\/uploads\/2020\/10\/arcoiris1.mp4\" playsinline><\/video><\/figure>\n","protected":false},"excerpt":{"rendered":"<p>Cr\u00e9ation septembre 2020, un spectacle en d\u00e9ambulation joyeux, festif et multicolore<\/p>\n","protected":false},"author":1,"featured_media":0,"parent":782,"menu_order":0,"comment_status":"closed","ping_status":"closed","template":"","meta":{"footnotes":""},"class_list":["post-11377","page","type-page","status-publish","hentry"],"_links":{"self":[{"href":"https:\/\/www.tewhoola.com\/accueil\/wp-json\/wp\/v2\/pages\/11377"}],"collection":[{"href":"https:\/\/www.tewhoola.com\/accueil\/wp-json\/wp\/v2\/pages"}],"about":[{"href":"https:\/\/www.tewhoola.com\/accueil\/wp-json\/wp\/v2\/types\/page"}],"author":[{"embeddable":true,"href":"https:\/\/www.tewhoola.com\/accueil\/wp-json\/wp\/v2\/users\/1"}],"replies":[{"embeddable":true,"href":"https:\/\/www.tewhoola.com\/accueil\/wp-json\/wp\/v2\/comments?post=11377"}],"version-history":[{"count":21,"href":"https:\/\/www.tewhoola.com\/accueil\/wp-json\/wp\/v2\/pages\/11377\/revisions"}],"predecessor-version":[{"id":13091,"href":"https:\/\/www.tewhoola.com\/accueil\/wp-json\/wp\/v2\/pages\/11377\/revisions\/13091"}],"up":[{"embeddable":true,"href":"https:\/\/www.tewhoola.com\/accueil\/wp-json\/wp\/v2\/pages\/782"}],"wp:attachment":[{"href":"https:\/\/www.tewhoola.com\/accueil\/wp-json\/wp\/v2\/media?parent=11377"}],"curies":[{"name":"wp","href":"https:\/\/api.w.org\/{rel}","templated":true}]}}