{"id":5116,"date":"2020-09-03T18:16:21","date_gmt":"2020-09-03T17:16:21","guid":{"rendered":"http:\/\/tewhoola.com\/?page_id=5116"},"modified":"2022-09-02T19:24:04","modified_gmt":"2022-09-02T18:24:04","slug":"ateliers-cirque-bessancourt","status":"publish","type":"page","link":"https:\/\/www.tewhoola.com\/accueil\/ateliers-cirque\/ateliers-cirqu%E2%80%A6-a-bessancourt\/","title":{"rendered":"ateliers cirque Bessancourt"},"content":{"rendered":"\n<div style=\"height:100px\" aria-hidden=\"true\" class=\"wp-block-spacer\"><\/div>\n\n\n\n<div class=\"wp-block-cover is-light\" style=\"min-height:463px;aspect-ratio:unset;\"><span aria-hidden=\"true\" class=\"wp-block-cover__background has-background-dim\"><\/span><img loading=\"lazy\" decoding=\"async\" width=\"400\" height=\"300\" class=\"wp-block-cover__image-background wp-image-10801\" src=\"https:\/\/www.tewhoola.com\/wp-content\/uploads\/2020\/08\/unicycleloop.gif\" style=\"object-position:34% 21%\" data-object-fit=\"cover\" data-object-position=\"34% 21%\"\/><div class=\"wp-block-cover__inner-container is-layout-flow wp-block-cover-is-layout-flow\">\n<div style=\"height:61px\" aria-hidden=\"true\" class=\"wp-block-spacer\"><\/div>\n\n\n\n<h1 class=\"has-text-align-center wp-block-heading\">Cirque \u00e0 Bessancourt en 2022-2023: <\/h1>\n\n\n\n<h1 class=\"has-text-align-center wp-block-heading\">mardi au gymnase St Exup\u00e9ry<\/h1>\n\n\n\n<h1 class=\"has-text-align-center wp-block-heading\">3-4 ans: 17h-17h30<\/h1>\n\n\n\n<h1 style=\"text-align: center;\">4-5 ans: 17h35-18h05<\/h1>\n\n\n\n<h1 class=\"has-text-align-center wp-block-heading\">7 et +: 18h15-19h15<\/h1>\n\n\n\n<div style=\"height:56px\" aria-hidden=\"true\" class=\"wp-block-spacer\"><\/div>\n<\/div><\/div>\n\n\n\n<div style=\"height:54px\" aria-hidden=\"true\" class=\"wp-block-spacer\"><\/div>\n\n\n\n<h1 class=\"has-kubio-color-6-color has-text-color wp-block-heading\"><span style=\"color:rgb(30,30,30)\" class=\"tadv-color\">Inscriptions: <\/span><\/h1>\n\n\n\n<h1 class=\"wp-block-heading\"><span style=\"color:rgb(30,30,30)\" class=\"tadv-color\">&#8211; forum des associations samedi 3 septembre de 14h \u00e0 18h au gymnase Maubuisson <\/span><\/h1>\n\n\n\n<h1><span style=\"color: #000000;\">&#8211; Espace culturel Marc Steckar (face \u00e0 la mairie) : 0130404495\/0656689411<\/span><\/h1>\n\n\n\n<h2 class=\"wp-block-heading\"><span style=\"color:#031016\" class=\"has-inline-color\"><strong>La<\/strong> <\/span><strong><span style=\"color:#031016\" class=\"has-inline-color\">mairie de Bessancourt <\/span><span style=\"color:#010709\" class=\"has-inline-color\">programme une activit\u00e9 cirque dans laquelle notre \u00e9quipe intervient depuis la rentr\u00e9e 2014. Les disciplines abord\u00e9es sont <\/span><span style=\"color:#021219\" class=\"has-inline-color\">les<\/span> <span style=\"color:#020d11\" class=\"has-inline-color\">\u00e9chasses, le jonglage, l&#8217;acrobatie, le fil d&#8217;\u00e9quilibre, le hoola hoop, la boule d&#8217;\u00e9quilibre. <\/span><\/strong><\/h2>\n\n\n\n<h2 class=\"wp-block-heading\"><strong><span style=\"color:#020d11\" class=\"has-inline-color\">Pour apprendre apr\u00e8s l&#8217;\u00e9cole le mardi en s&#8217;amusant tout en progressant en souplesse, force, rapidit\u00e9, r\u00e9sistance et concentration. <\/span><\/strong><\/h2>\n\n\n\n<h2 class=\"wp-block-heading\"><strong><span style=\"color:#020d11\" class=\"has-inline-color\">Pour la satisfaction, a<\/span><span style=\"color:#021015\" class=\"has-inline-color\">ussi, d&#8217;acqu\u00e9rir des comp\u00e9tences que l&#8217;on peut montrer et partager.<\/span><\/strong><\/h2>\n\n\n\n<h2 class=\"wp-block-heading\"><span style=\"color:#020f14\" class=\"has-inline-color\">Comment enseignons-nous le cirque? <\/span><a href=\"https:\/\/www.tewhoola.com\/accueil\/orientation-pedagogique\/\" target=\"_blank\" rel=\"noreferrer noopener\"><span style=\"color:#010c11\" class=\"has-inline-color\">voici notre<\/span> <strong><span style=\"color:#0a486c\" class=\"has-inline-color\">orientation p\u00e9<code>dagogique<\/code><\/span><\/strong><\/a><\/h2>\n\n\n\n<div style=\"height:51px\" aria-hidden=\"true\" class=\"wp-block-spacer\"><\/div>\n\n\n\n<div style=\"height:33px\" aria-hidden=\"true\" class=\"wp-block-spacer\"><\/div>\n\n\n\n<h2 class=\"wp-block-heading\"><span style=\"color:#020f15\" class=\"has-inline-color\"><strong>Les s\u00e9ances se\u00a0 sont r\u00e9parties en 2 sessions sur l&#8217;ann\u00e9e, il est possible de s&#8217;inscrire \u00e0 la premi\u00e8re, \u00e0 la deuxi\u00e8me session ou aux deux.<\/strong><\/span><\/h2>\n\n\n\n<h2><span style=\"color: #000000;\">session 1: du 13 septembre au 22 novembre 2022<\/span><\/h2>\n<h2><span style=\"color: #000000;\">session 2: du 10 janvier au 13 juin 2023<\/span><\/h2>\n\n\n<h2 style=\"text-align: center;\"><span style=\"color: #800080;\"><strong>\u00a0<\/strong><\/span><\/h2>\n<p>\u00a0<\/p>\n<p><iframe loading=\"lazy\" title=\"ateliers cirque Bessancourt\" width=\"500\" height=\"281\" src=\"https:\/\/www.youtube.com\/embed\/wm1vvVazNGI?feature=oembed\" frameborder=\"0\" allow=\"accelerometer; autoplay; clipboard-write; encrypted-media; gyroscope; picture-in-picture; web-share\" referrerpolicy=\"strict-origin-when-cross-origin\" allowfullscreen><\/iframe><\/p>\n<p>\u00a0<\/p>\n<p><iframe loading=\"lazy\" title=\"ateliers cirque Compagnie Tewhoola 2014-2015 \u00e0 Bessancourt\" src=\"https:\/\/player.vimeo.com\/video\/128027540?dnt=1&amp;app_id=122963\" width=\"500\" height=\"375\" frameborder=\"0\" allow=\"autoplay; fullscreen; picture-in-picture; clipboard-write\"><\/iframe><\/p>\n<h2 style=\"text-align: center;\">\u00a0<\/h2>\n<p>\u00a0<\/p>\n\n\n<div style=\"height:59px\" aria-hidden=\"true\" class=\"wp-block-spacer\"><\/div>\n\n\n\n<h3 class=\"has-text-align-center wp-block-heading\"><strong><span style=\"color:#01090c\" class=\"has-inline-color\"><\/strong><\/h3>\n\n\n\n<div class=\"wp-block-buttons is-layout-flex wp-block-buttons-is-layout-flex\"><\/div>\n","protected":false},"excerpt":{"rendered":"<p>Inscriptions: &#8211; forum des associations samedi 3 septembre de 14h \u00e0 18h au gymnase Maubuisson &#8211; Espace culturel Marc Steckar (face \u00e0 la mairie) : 0130404495\/0656689411 La mairie de Bessancourt programme une activit\u00e9 cirque dans laquelle notre \u00e9quipe intervient depuis la rentr\u00e9e 2014. Les disciplines abord\u00e9es sont les \u00e9chasses, le jonglage, l&#8217;acrobatie, le fil d&#8217;\u00e9quilibre, [&hellip;]<\/p>\n","protected":false},"author":1,"featured_media":0,"parent":9305,"menu_order":0,"comment_status":"closed","ping_status":"closed","template":"","meta":{"footnotes":""},"class_list":["post-5116","page","type-page","status-publish","hentry"],"_links":{"self":[{"href":"https:\/\/www.tewhoola.com\/accueil\/wp-json\/wp\/v2\/pages\/5116"}],"collection":[{"href":"https:\/\/www.tewhoola.com\/accueil\/wp-json\/wp\/v2\/pages"}],"about":[{"href":"https:\/\/www.tewhoola.com\/accueil\/wp-json\/wp\/v2\/types\/page"}],"author":[{"embeddable":true,"href":"https:\/\/www.tewhoola.com\/accueil\/wp-json\/wp\/v2\/users\/1"}],"replies":[{"embeddable":true,"href":"https:\/\/www.tewhoola.com\/accueil\/wp-json\/wp\/v2\/comments?post=5116"}],"version-history":[{"count":80,"href":"https:\/\/www.tewhoola.com\/accueil\/wp-json\/wp\/v2\/pages\/5116\/revisions"}],"predecessor-version":[{"id":13562,"href":"https:\/\/www.tewhoola.com\/accueil\/wp-json\/wp\/v2\/pages\/5116\/revisions\/13562"}],"up":[{"embeddable":true,"href":"https:\/\/www.tewhoola.com\/accueil\/wp-json\/wp\/v2\/pages\/9305"}],"wp:attachment":[{"href":"https:\/\/www.tewhoola.com\/accueil\/wp-json\/wp\/v2\/media?parent=5116"}],"curies":[{"name":"wp","href":"https:\/\/api.w.org\/{rel}","templated":true}]}}